32. Suppose -330 = -5*d + r*d. What are the prime factors of -4*d/(-5)*(0 - 2)?
2, 11
Suppose 19*m = 23*m + 24. List the prime factors of -12 + m + 12 + 215.
11, 19
Let j = -3570 + 7599. List the prime factors of j.
3, 17, 79
Suppose 6*a = 215 - 191. Let t(v) = 48*v - 70. List the prime factors of t(a).
2, 61
Suppose -i = 8*i - 27. Let l = i - 10. List the prime factors of -1 - -103 - (l + 3).
2, 53
Let b be (1*3)/(8 + (-520)/64). Let i(d) = -d + 34. What are the prime factors of i(b)?
2, 29
Let q be -60*((-24)/(-32))/(-1). Suppose -3*k + 1533 = 2*i, 0 = q*i - 40*i. What are the prime factors of k?
7, 73
Let f(y) = 2*y**3 - 7*y**2 - 11*y - 7. Let d(t) = -t**3 + t - 1. Let o(k) = -3*d(k) - f(k). Let i be o(-6). What are the prime factors of ((-13)/i)/(15/420)?
2, 7, 13
Let w = 69958 + -8512. List the prime factors of w.
2, 3, 7, 11, 19
Let l(m) = -m + 30. Let i be l(7). Suppose -38 - i = s. Let x = 22 - s. List the prime factors of x.
83
Suppose 3*u = 4*t + 197, 8 - 16 = -2*t. Suppose u*z = 66*z + 20. Suppose -3*a + 70 = z. List the prime factors of a.
2, 11
Let p = -89961 - -135947. What are the prime factors of p?
2, 22993
Suppose -2*f - 5*u - 135 + 541 = 0, 0 = -2*f - u + 398. Let i = f - 173. What are the prime factors of i?
5
Suppose -9*r = -78 + 6. Suppose 15*m - 938 = r*m. Suppose -33*w = -35*w + m. List the prime factors of w.
67
Suppose -3*k - 153 = -6*k. Let b(r) = 13 - k*r + 12 + 8*r - 10. List the prime factors of b(-3).
2, 3
Suppose -3*y = -7*y - 44. Let r(g) = 35*g + 16. Let k be r(y). What are the prime factors of k/(-4) - (-4)/(-16)?
2, 23
Let b = -44 - -45. Let y(a) = -22*a - 8*a + 115*a**2 + 29*a + b. List the prime factors of y(1).
5, 23
Suppose 3149 + 3484 = 3*p. What are the prime factors of p?
3, 11, 67
Let m be ((12/9)/4)/(13/28821). List the prime factors of (1 - (8 - 3))*m/(-2).
2, 739
Let j(l) = 199*l**3 - 4*l + 4. Let h(s) = -12*s + 85. Let x be h(7). List the prime factors of j(x).
199
Suppose -5*n + 5*y = -25470, -5*n + 1427*y = 1425*y - 25482. List the prime factors of n.
2, 2549
Suppose 3*t + 8 = -u, 4*u + 16 + 6 = -2*t. List the prime factors of t + 390/4*4.
389
Let a(j) = -2*j**3 - 28*j**2 + 33*j + 49. Let z be a(-15). Let w(d) = 54*d**2 - 14*d + 8. What are the prime factors of w(z)?
2, 3, 17
Suppose 25*u = 21*u + 268. Suppose -t + u = -441. What are the prime factors of t?
2, 127
Let i(m) = -28*m - 19. Let b be ((-18)/(-12))/((-19)/16 + 1). Let o be i(b). Suppose -3*g = v - o, 0 = g + g - 3*v - 133. List the prime factors of g.
2, 17
List the prime factors of ((-450805)/435)/(1/(-3)).
3109
Let w(d) = 23 - 39 + 3*d**2 - 2*d**2 + 5*d + 23. List the prime factors of w(6).
73
Let b(k) = -3*k**3 + 24*k**2 + 22*k + 83. Let q(r) = -7*r**3 + 47*r**2 + 45*r + 166. Let x(y) = -5*b(y) + 2*q(y). List the prime factors of x(28).
5, 37
Let u = -9 - -13. Let y be 1*2*(-2 + u). Suppose -4*v + 258 + 320 = -b, -584 = -y*v - 2*b. List the prime factors of v.
5, 29
Let o = 1025 + -665. Let q = o - -67. List the prime factors of q.
7, 61
Suppose -u = -3, 5*u - 17 = c - 1. Let p(n) = 5*n + 5. Let k be p(-2). What are the prime factors of (k - 5/(-2))/(c/46)?
5, 23
Suppose -134360*h - 571164 = -134371*h. What are the prime factors of h?
2, 3, 4327
Suppose 296174 = 30*j - 587536. What are the prime factors of j?
3, 1091
Let k(d) = 3*d**2 + 9*d - 15. Let j = 45 - 44. Let c be 138/(-18) + j/(-3). List the prime factors of k(c).
3, 5, 7
Let g(u) = 7*u + 5. Let a be g(1). Suppose 3*n - n + 3*x - 2 = 0, -4*x = -n + a. List the prime factors of ((-117)/(-12))/(n/32).
2, 3, 13
Suppose -10*d + 160 = -10. Suppose 7 + d = 3*w. Suppose w*q = -2*q + 1850. What are the prime factors of q?
5, 37
Let p = -77789 + 151301. What are the prime factors of p?
2, 3, 1021
Suppose 6*i - 5 = 4*z + 3*i, -i - 3 = z. Suppose -f + 4*c - 375 = 4*f, -2*c + 300 = -4*f. Let q = z - f. What are the prime factors of q?
73
Suppose 73*w + 25*w = 3752273 - 770623. List the prime factors of w.
5, 1217
Let g(n) be the second derivative of 31*n**4/24 - 5*n**3/6 + 9*n**2/2 + 22*n. Let p(c) be the first derivative of g(c). List the prime factors of p(4).
7, 17
Let q = -415 - -598. Let s = q - -49. List the prime factors of s.
2, 29
Suppose -23*q = -29*q + 53790. Suppose -10*m + q - 1095 = 0. What are the prime factors of m?
787
What are the prime factors of 25191 + 41 - 36 - 2/(2 + -1)?
2, 3, 13, 17, 19
Let w = -10084 - -10756. What are the prime factors of w?
2, 3, 7
Suppose -3*r = 5*r - 32. Suppose -q = -4*s + 1034, -s + 268 = r*q - 9*q. Suppose -7*g - s = -9*g. List the prime factors of g.
3, 43
Let y(v) = v**2 - 6*v + 11. Let p be y(4). Suppose m + p*q - 67 = 10, 5*m - 3*q = 367. Suppose 10*n - 116 = m. What are the prime factors of n?
19
Suppose 2*i + 5*p = 2024, 0 = -i + p + 403 + 595. Let r = i + -463. What are the prime factors of r?
7, 11
Let h(u) = 5*u**3 + 89*u**2 - 1060*u. List the prime factors of h(13).
2, 3, 13, 157
Let t = -50 - -19. Suppose -79*y = -3124 - 668. Let v = t + y. List the prime factors of v.
17
Suppose 0 = -3*m + 957 + 522. Suppose 3*b - r = -260, 5*b + 3*r = -m + 69. Let d = -68 - b. What are the prime factors of d?
2, 3
Let z(k) be the second derivative of -10/3*k**3 + 10*k + 0*k**2 + 0. What are the prime factors of z(-2)?
2, 5
Suppose 0 = y + 10 - 48. Suppose -20*b = -13*b + 42. Let f = y + b. List the prime factors of f.
2
What are the prime factors of ((-44258)/(-3))/((672/(-36))/(-28))?
22129
List the prime factors of (-1 + 1 + 32710)*(-220)/(-440).
5, 3271
Let f be 4/(-12) + (-236)/12. Let t be 56 - (15/(-20) + f/16). Suppose 199 + t = g. List the prime factors of g.
257
Let p = -7444 + 12797. List the prime factors of p.
53, 101
Suppose -3*z - 1664 = k - 19993, 5*k = -5. List the prime factors of z.
2, 5, 13, 47
List the prime factors of 12/(528/199243)*4.
59, 307
Suppose 3*k + 6 - 12 = 0. Suppose 12 = 5*j + k. Suppose 3*q - 405 = -j*q. What are the prime factors of q?
3
Suppose 4*d - 2*k - 134515 = 88055, -3*k - 278210 = -5*d. List the prime factors of d.
5, 31, 359
Suppose 34*m - 122050 = 9*m. What are the prime factors of m?
2, 2441
Let t = 142 + -140. List the prime factors of t/((-8)/6) + 3406/4.
2, 5, 17
Let k(t) = -4*t - 15. Suppose n - 30 = 7*n. Let z be k(n). Suppose -z*g + 60 = -425. List the prime factors of g.
97
Let v = -1141 + 6005. What are the prime factors of v?
2, 19
Let i(r) = 72*r + 1. Let m be i(1). Let s = m - 76. Let o(d) = -7*d**3 + 5*d + 6. What are the prime factors of o(s)?
2, 3, 5
Let m = -6337 - -7473. List the prime factors of m.
2, 71
Let i = -65 + 101. Suppose a + 4*a = -2*f + i, -5*f = -4*a - 57. Let w = f + 50. What are the prime factors of w?
3, 7
Suppose -239 = 8*n - 1087. Suppose 3*p = 475 - n. List the prime factors of p.
3, 41
Suppose 143*h = -8*h - 1473246 + 4123598. List the prime factors of h.
2, 1097
Let u = 19205 - 2476. List the prime factors of u.
16729
Suppose -97*j + 346877 = -68*j - 36735. What are the prime factors of j?
2, 3307
Suppose -5*u - 1 = -3*c, 3*u = 8*u - 5. Suppose -5*b - 12 = -c*k, -k = 4*b - 2 - 4. What are the prime factors of (153/2)/(15/k - 2)?
3, 17
Let t(p) = -p**2 - 43*p - 64. Let x be t(-35). Let y = x - 112. List the prime factors of y.
2, 13
Let o be (-15)/30*(4/2 + -8). Suppose 127 = j - o*l, -236 - 382 = -5*j - 2*l. List the prime factors of j.
2, 31
Let w = -164 - -164. Let i be 1/(((-12)/8)/(-3)). Suppose 0 = -3*q - 5*g + 770, w*q + i*q = -3*g + 514. List the prime factors of q.
2, 5, 13
Let j be 39920/18 + 4/18. Suppose 5*z - u - j = 0, -5*z - 70 = 2*u - 2279. What are the prime factors of z?
443
Let f(o) = 142*o - 5. Let z be f(6). Let g = -895 - -895. Suppose g = 5*m - 2357 + z. List the prime factors of m.
2, 151
Suppose 0 = 8*r - 125177 - 39655. What are the prime factors of r?
2, 3, 17, 101
Let o(a) = -3*a**3 - 34*a**2 - 45*a - 29. List the prime factors of o(-22).
3, 5483
List the prime factors of 59672/15 + 316/(-2370).
2, 3, 13, 17
Let r = -12695 - -21656. List the prime factors of r.
3, 29, 103
Suppose -23*q + 16*q + 14 = 0. Suppose -358 = -q*h + 3*o, 2*h - 2*o - 3*o = 350. What are the prime factors of h?
5, 37
Suppose 1770*n - 1773*n = -4*w - 48947, 5*n + 4*w - 81493 = 0. What are the prime factors of n?
3, 5, 1087
Let t(n) = 3*n**2 + 16*n. Suppo